{"id":358,"date":"2022-10-05T16:40:50","date_gmt":"2022-10-05T16:40:50","guid":{"rendered":"https:\/\/muferga.es\/?page_id=358"},"modified":"2025-07-09T07:16:22","modified_gmt":"2025-07-09T07:16:22","slug":"alco-1800-renfe-318-012","status":"publish","type":"page","link":"https:\/\/muferga.es\/?page_id=358","title":{"rendered":"Alco 1800 Renfe 318.012"},"content":{"rendered":"<h2>Locomotora Diesel Alco 1800 Renfe 318.012 <\/h2>\n<p>\t\t\t\t\t\t\t\t\t\t<img width=\"1024\" height=\"576\" src=\"https:\/\/muferga.es\/wp-content\/uploads\/2022\/11\/20221013_110322-1024x576.jpg\" alt=\"\" decoding=\"async\" loading=\"lazy\" srcset=\"https:\/\/muferga.es\/wp-content\/uploads\/2022\/11\/20221013_110322-1024x576.jpg 1024w, https:\/\/muferga.es\/wp-content\/uploads\/2022\/11\/20221013_110322-300x169.jpg 300w, https:\/\/muferga.es\/wp-content\/uploads\/2022\/11\/20221013_110322-768x432.jpg 768w, https:\/\/muferga.es\/wp-content\/uploads\/2022\/11\/20221013_110322-1536x864.jpg 1536w, https:\/\/muferga.es\/wp-content\/uploads\/2022\/11\/20221013_110322-2048x1152.jpg 2048w\" sizes=\"auto, (max-width: 1024px) 100vw, 1024px\" \/><br \/>\n\t\t\t\t\t\t\t\t\t\t<img width=\"1024\" height=\"576\" src=\"https:\/\/muferga.es\/wp-content\/uploads\/2022\/11\/20221013_110745-1024x576.jpg\" alt=\"\" decoding=\"async\" loading=\"lazy\" srcset=\"https:\/\/muferga.es\/wp-content\/uploads\/2022\/11\/20221013_110745-1024x576.jpg 1024w, https:\/\/muferga.es\/wp-content\/uploads\/2022\/11\/20221013_110745-300x169.jpg 300w, https:\/\/muferga.es\/wp-content\/uploads\/2022\/11\/20221013_110745-768x432.jpg 768w, https:\/\/muferga.es\/wp-content\/uploads\/2022\/11\/20221013_110745-1536x864.jpg 1536w, https:\/\/muferga.es\/wp-content\/uploads\/2022\/11\/20221013_110745-2048x1152.jpg 2048w\" sizes=\"auto, (max-width: 1024px) 100vw, 1024px\" \/><br \/>\n\t\thttps:\/\/www.youtube.com\/watch?v=H2OGwBfIykE<\/p>\n<h3><strong>Cabina y motor.<\/strong><\/h3>\n<p>\t\t\t\t\t\t\t\t\t\t<img width=\"1024\" height=\"768\" src=\"https:\/\/muferga.es\/wp-content\/uploads\/2022\/11\/20221022_131157-1024x768.jpg\" alt=\"\" decoding=\"async\" loading=\"lazy\" srcset=\"https:\/\/muferga.es\/wp-content\/uploads\/2022\/11\/20221022_131157-1024x768.jpg 1024w, https:\/\/muferga.es\/wp-content\/uploads\/2022\/11\/20221022_131157-300x225.jpg 300w, https:\/\/muferga.es\/wp-content\/uploads\/2022\/11\/20221022_131157-768x576.jpg 768w, https:\/\/muferga.es\/wp-content\/uploads\/2022\/11\/20221022_131157-1536x1152.jpg 1536w, https:\/\/muferga.es\/wp-content\/uploads\/2022\/11\/20221022_131157-2048x1536.jpg 2048w\" sizes=\"auto, (max-width: 1024px) 100vw, 1024px\" \/><br \/>\n\t\t\t\t\t\t\t\t\t\t<img width=\"1024\" height=\"768\" src=\"https:\/\/muferga.es\/wp-content\/uploads\/2022\/11\/20221022_131349-1024x768.jpg\" alt=\"\" decoding=\"async\" loading=\"lazy\" srcset=\"https:\/\/muferga.es\/wp-content\/uploads\/2022\/11\/20221022_131349-1024x768.jpg 1024w, https:\/\/muferga.es\/wp-content\/uploads\/2022\/11\/20221022_131349-300x225.jpg 300w, https:\/\/muferga.es\/wp-content\/uploads\/2022\/11\/20221022_131349-768x576.jpg 768w, https:\/\/muferga.es\/wp-content\/uploads\/2022\/11\/20221022_131349-1536x1152.jpg 1536w, https:\/\/muferga.es\/wp-content\/uploads\/2022\/11\/20221022_131349-2048x1536.jpg 2048w\" sizes=\"auto, (max-width: 1024px) 100vw, 1024px\" \/><br \/>\n\t\t\t\t\t\t\t\t\t\t<img width=\"1024\" height=\"768\" src=\"https:\/\/muferga.es\/wp-content\/uploads\/2022\/11\/20221022_131116-1024x768.jpg\" alt=\"\" decoding=\"async\" loading=\"lazy\" srcset=\"https:\/\/muferga.es\/wp-content\/uploads\/2022\/11\/20221022_131116-1024x768.jpg 1024w, https:\/\/muferga.es\/wp-content\/uploads\/2022\/11\/20221022_131116-300x225.jpg 300w, https:\/\/muferga.es\/wp-content\/uploads\/2022\/11\/20221022_131116-768x576.jpg 768w, https:\/\/muferga.es\/wp-content\/uploads\/2022\/11\/20221022_131116-1536x1152.jpg 1536w, https:\/\/muferga.es\/wp-content\/uploads\/2022\/11\/20221022_131116-2048x1536.jpg 2048w\" sizes=\"auto, (max-width: 1024px) 100vw, 1024px\" \/><br \/>\n\t\t\t\t\t\t\t\t\t\t<img width=\"1024\" height=\"768\" src=\"https:\/\/muferga.es\/wp-content\/uploads\/2022\/11\/20221022_131138-1024x768.jpg\" alt=\"\" decoding=\"async\" loading=\"lazy\" srcset=\"https:\/\/muferga.es\/wp-content\/uploads\/2022\/11\/20221022_131138-1024x768.jpg 1024w, https:\/\/muferga.es\/wp-content\/uploads\/2022\/11\/20221022_131138-300x225.jpg 300w, https:\/\/muferga.es\/wp-content\/uploads\/2022\/11\/20221022_131138-768x576.jpg 768w, https:\/\/muferga.es\/wp-content\/uploads\/2022\/11\/20221022_131138-1536x1152.jpg 1536w, https:\/\/muferga.es\/wp-content\/uploads\/2022\/11\/20221022_131138-2048x1536.jpg 2048w\" sizes=\"auto, (max-width: 1024px) 100vw, 1024px\" \/>\t\t\t\t\t\t\t\t\t\t\t<\/p>\n<p>A locomotora Alco 1812 (American Locomotive Company) foi constru\u00edda por esta firma americana na s\u00faa factor\u00eda do\u00a0<a title=\"Canad\u00e1\" href=\"https:\/\/gl.wikipedia.org\/wiki\/Canad%C3%A1\">Canad\u00e1<\/a>, en\u00a0<a title=\"1954\" href=\"https:\/\/gl.wikipedia.org\/wiki\/1954\">1954<\/a>. Chegou a\u00a0<a title=\"Galicia\" href=\"https:\/\/gl.wikipedia.org\/wiki\/Galicia\">Galicia<\/a>\u00a0en\u00a0<a title=\"1958\" href=\"https:\/\/gl.wikipedia.org\/wiki\/1958\">1958<\/a>\u00a0e quedou asignada ao dep\u00f3sito de tracci\u00f3n de\u00a0<a title=\"Monforte de Lemos\" href=\"https:\/\/gl.wikipedia.org\/wiki\/Monforte_de_Lemos\">Monforte de Lemos<\/a>. Desde Monforte destinouse a remolcar os trens expresos nas relaci\u00f3ns\u00a0<a title=\"Le\u00f3n, Espa\u00f1a\" href=\"https:\/\/gl.wikipedia.org\/wiki\/Le%C3%B3n,_Espa%C3%B1a\">Le\u00f3n<\/a>&#8211;<a title=\"Ponferrada\" href=\"https:\/\/gl.wikipedia.org\/wiki\/Ponferrada\">Ponferrada<\/a>&#8211;<a title=\"A Coru\u00f1a\" href=\"https:\/\/gl.wikipedia.org\/wiki\/A_Coru%C3%B1a\">A Coru\u00f1a<\/a>\u00a0e\u00a0<a title=\"Ourense\" href=\"https:\/\/gl.wikipedia.org\/wiki\/Ourense\">Ourense<\/a>&#8211;<a title=\"Vigo\" href=\"https:\/\/gl.wikipedia.org\/wiki\/Vigo\">Vigo<\/a>&#8211;<a title=\"Santiago de Compostela\" href=\"https:\/\/gl.wikipedia.org\/wiki\/Santiago_de_Compostela\">Santiago<\/a>&#8211;<a title=\"A Coru\u00f1a\" href=\"https:\/\/gl.wikipedia.org\/wiki\/A_Coru%C3%B1a\">A Coru\u00f1a<\/a>. Desde\u00a0<a title=\"1962\" href=\"https:\/\/gl.wikipedia.org\/wiki\/1962\">1962<\/a>, ata a s\u00faa retirada do servizo, arrastrou o popular tren \u00abXangai Express\u00bb:\u00a0\u00a0<a title=\"Barcelona\" href=\"https:\/\/gl.wikipedia.org\/wiki\/Barcelona\">Barcelona<\/a>&#8211;<a title=\"Monforte de Lemos\" href=\"https:\/\/gl.wikipedia.org\/wiki\/Monforte_de_Lemos\">Monforte<\/a>&#8211;<a title=\"A Coru\u00f1a\" href=\"https:\/\/gl.wikipedia.org\/wiki\/A_Coru%C3%B1a\">A Coru\u00f1a<\/a>. Deixou de prestar servizo en\u00a0<a title=\"1993\" href=\"https:\/\/gl.wikipedia.org\/wiki\/1993\">1993<\/a>.<\/p>\n<p>A locomotora Alco 1812 monta un bastidor con dous Bogies e seis rodas de 1.016\u00a0mm. Disp\u00f3n dun motor di\u00e9sel de 1.800 cabalos que xera electricidade para os seus seis motores de tracci\u00f3n que desenvolven unha potencia de 1.105 Kw. O peso da locomotora \u00e9 de 110 toneladas.<\/p>\n<h4><strong>Taller de empleo para recuperaci\u00f3n y reparaci\u00f3n de la Alco 1812 en los talleres del Museo para dejarla totalmente operativa y funcionando.\u00a0\u00a0<\/strong><\/h4>\n<p>\t\t\t\t\t\t\t\t\t\t<img width=\"1024\" height=\"576\" src=\"https:\/\/muferga.es\/wp-content\/uploads\/2022\/10\/20220421_175424-1024x576.jpg\" alt=\"\" decoding=\"async\" loading=\"lazy\" srcset=\"https:\/\/muferga.es\/wp-content\/uploads\/2022\/10\/20220421_175424-1024x576.jpg 1024w, https:\/\/muferga.es\/wp-content\/uploads\/2022\/10\/20220421_175424-300x169.jpg 300w, https:\/\/muferga.es\/wp-content\/uploads\/2022\/10\/20220421_175424-768x432.jpg 768w, https:\/\/muferga.es\/wp-content\/uploads\/2022\/10\/20220421_175424-1536x864.jpg 1536w, https:\/\/muferga.es\/wp-content\/uploads\/2022\/10\/20220421_175424-2048x1152.jpg 2048w\" sizes=\"auto, (max-width: 1024px) 100vw, 1024px\" \/><br \/>\n\t\t\t\t\t\t\t\t\t\t<img width=\"1024\" height=\"576\" src=\"https:\/\/muferga.es\/wp-content\/uploads\/2022\/10\/20220421_175418-1024x576.jpg\" alt=\"\" decoding=\"async\" loading=\"lazy\" srcset=\"https:\/\/muferga.es\/wp-content\/uploads\/2022\/10\/20220421_175418-1024x576.jpg 1024w, https:\/\/muferga.es\/wp-content\/uploads\/2022\/10\/20220421_175418-300x169.jpg 300w, https:\/\/muferga.es\/wp-content\/uploads\/2022\/10\/20220421_175418-768x432.jpg 768w, https:\/\/muferga.es\/wp-content\/uploads\/2022\/10\/20220421_175418-1536x864.jpg 1536w, https:\/\/muferga.es\/wp-content\/uploads\/2022\/10\/20220421_175418-2048x1152.jpg 2048w\" sizes=\"auto, (max-width: 1024px) 100vw, 1024px\" \/><\/p>\n","protected":false},"excerpt":{"rendered":"<p>Locomotora Diesel Alco 1800 Renfe 318.012 https:\/\/www.youtube.com\/watch?v=H2OGwBfIykE Cabina y motor. A locomotora Alco 1812 (American Locomotive Company) foi constru\u00edda por esta firma americana na s\u00faa factor\u00eda do\u00a0Canad\u00e1, en\u00a01954. Chegou a\u00a0Galicia\u00a0en\u00a01958\u00a0e quedou asignada ao dep\u00f3sito de tracci\u00f3n de\u00a0Monforte de Lemos. Desde Monforte destinouse a remolcar os trens expresos nas relaci\u00f3ns\u00a0Le\u00f3n&#8211;Ponferrada&#8211;A Coru\u00f1a\u00a0e\u00a0Ourense&#8211;Vigo&#8211;Santiago&#8211;A Coru\u00f1a. Desde\u00a01962, ata a s\u00faa &hellip;<\/p>\n<p class=\"read-more\"> <a class=\"\" href=\"https:\/\/muferga.es\/?page_id=358\"> <span class=\"screen-reader-text\">Alco 1800 Renfe 318.012<\/span> Leer m\u00e1s &raquo;<\/a><\/p>\n","protected":false},"author":3,"featured_media":0,"parent":0,"menu_order":0,"comment_status":"closed","ping_status":"closed","template":"","meta":{"footnotes":""},"class_list":["post-358","page","type-page","status-publish","hentry"],"yoast_head":"<!-- This site is optimized with the Yoast SEO plugin v16.0.2 - https:\/\/yoast.com\/wordpress\/plugins\/seo\/ -->\n<title>Alco 1800 Renfe 318.012 - Muferga<\/title>\n<link rel=\"canonical\" href=\"https:\/\/muferga.es\/?page_id=358\" \/>\n<meta property=\"og:locale\" content=\"es_ES\" \/>\n<meta property=\"og:type\" content=\"article\" \/>\n<meta property=\"og:title\" content=\"Alco 1800 Renfe 318.012 - Muferga\" \/>\n<meta property=\"og:description\" content=\"Locomotora Diesel Alco 1800 Renfe 318.012 https:\/\/www.youtube.com\/watch?v=H2OGwBfIykE Cabina y motor. A locomotora Alco 1812 (American Locomotive Company) foi constru\u00edda por esta firma americana na s\u00faa factor\u00eda do\u00a0Canad\u00e1, en\u00a01954. Chegou a\u00a0Galicia\u00a0en\u00a01958\u00a0e quedou asignada ao dep\u00f3sito de tracci\u00f3n de\u00a0Monforte de Lemos. Desde Monforte destinouse a remolcar os trens expresos nas relaci\u00f3ns\u00a0Le\u00f3n&#8211;Ponferrada&#8211;A Coru\u00f1a\u00a0e\u00a0Ourense&#8211;Vigo&#8211;Santiago&#8211;A Coru\u00f1a. Desde\u00a01962, ata a s\u00faa &hellip; Alco 1800 Renfe 318.012 Leer m\u00e1s &raquo;\" \/>\n<meta property=\"og:url\" content=\"https:\/\/muferga.es\/?page_id=358\" \/>\n<meta property=\"og:site_name\" content=\"Muferga\" \/>\n<meta property=\"article:modified_time\" content=\"2025-07-09T07:16:22+00:00\" \/>\n<meta property=\"og:image\" content=\"https:\/\/muferga.es\/wp-content\/uploads\/2022\/11\/20221013_110322-1024x576.jpg\" \/>\n<meta name=\"twitter:card\" content=\"summary_large_image\" \/>\n<meta name=\"twitter:label1\" content=\"Tiempo de lectura\">\n\t<meta name=\"twitter:data1\" content=\"1 minuto\">\n<script type=\"application\/ld+json\" class=\"yoast-schema-graph\">{\"@context\":\"https:\/\/schema.org\",\"@graph\":[{\"@type\":\"WebSite\",\"@id\":\"https:\/\/muferga.es\/#website\",\"url\":\"https:\/\/muferga.es\/\",\"name\":\"Muferga\",\"description\":\"\",\"potentialAction\":[{\"@type\":\"SearchAction\",\"target\":\"https:\/\/muferga.es\/?s={search_term_string}\",\"query-input\":\"required name=search_term_string\"}],\"inLanguage\":\"es\"},{\"@type\":\"ImageObject\",\"@id\":\"https:\/\/muferga.es\/?page_id=358#primaryimage\",\"inLanguage\":\"es\",\"url\":\"https:\/\/muferga.es\/wp-content\/uploads\/2022\/11\/20221013_110322.jpg\",\"width\":2560,\"height\":1440},{\"@type\":\"WebPage\",\"@id\":\"https:\/\/muferga.es\/?page_id=358#webpage\",\"url\":\"https:\/\/muferga.es\/?page_id=358\",\"name\":\"Alco 1800 Renfe 318.012 - Muferga\",\"isPartOf\":{\"@id\":\"https:\/\/muferga.es\/#website\"},\"primaryImageOfPage\":{\"@id\":\"https:\/\/muferga.es\/?page_id=358#primaryimage\"},\"datePublished\":\"2022-10-05T16:40:50+00:00\",\"dateModified\":\"2025-07-09T07:16:22+00:00\",\"breadcrumb\":{\"@id\":\"https:\/\/muferga.es\/?page_id=358#breadcrumb\"},\"inLanguage\":\"es\",\"potentialAction\":[{\"@type\":\"ReadAction\",\"target\":[\"https:\/\/muferga.es\/?page_id=358\"]}]},{\"@type\":\"BreadcrumbList\",\"@id\":\"https:\/\/muferga.es\/?page_id=358#breadcrumb\",\"itemListElement\":[{\"@type\":\"ListItem\",\"position\":1,\"item\":{\"@type\":\"WebPage\",\"@id\":\"https:\/\/muferga.es\/\",\"url\":\"https:\/\/muferga.es\/\",\"name\":\"Portada\"}},{\"@type\":\"ListItem\",\"position\":2,\"item\":{\"@type\":\"WebPage\",\"@id\":\"https:\/\/muferga.es\/?page_id=358\",\"url\":\"https:\/\/muferga.es\/?page_id=358\",\"name\":\"Alco 1800 Renfe 318.012\"}}]}]}<\/script>\n<!-- \/ Yoast SEO plugin. -->","_links":{"self":[{"href":"https:\/\/muferga.es\/index.php?rest_route=\/wp\/v2\/pages\/358","targetHints":{"allow":["GET"]}}],"collection":[{"href":"https:\/\/muferga.es\/index.php?rest_route=\/wp\/v2\/pages"}],"about":[{"href":"https:\/\/muferga.es\/index.php?rest_route=\/wp\/v2\/types\/page"}],"author":[{"embeddable":true,"href":"https:\/\/muferga.es\/index.php?rest_route=\/wp\/v2\/users\/3"}],"replies":[{"embeddable":true,"href":"https:\/\/muferga.es\/index.php?rest_route=%2Fwp%2Fv2%2Fcomments&post=358"}],"version-history":[{"count":28,"href":"https:\/\/muferga.es\/index.php?rest_route=\/wp\/v2\/pages\/358\/revisions"}],"predecessor-version":[{"id":1202,"href":"https:\/\/muferga.es\/index.php?rest_route=\/wp\/v2\/pages\/358\/revisions\/1202"}],"wp:attachment":[{"href":"https:\/\/muferga.es\/index.php?rest_route=%2Fwp%2Fv2%2Fmedia&parent=358"}],"curies":[{"name":"wp","href":"https:\/\/api.w.org\/{rel}","templated":true}]}}